{"id":19274,"date":"2021-07-13T02:51:18","date_gmt":"2021-07-13T01:51:18","guid":{"rendered":"https:\/\/www.omaec.org\/secretariat-tic\/"},"modified":"2023-11-19T13:01:05","modified_gmt":"2023-11-19T12:01:05","slug":"secretariat-tic","status":"publish","type":"page","link":"https:\/\/www.omaec.org\/fr\/secretariat-tic\/","title":{"rendered":"Secr\u00e9tariat TIC"},"content":{"rendered":"\t\t<div data-elementor-type=\"wp-page\" data-elementor-id=\"19274\" class=\"elementor elementor-19274 elementor-7369\" data-elementor-post-type=\"page\">\n\t\t\t\t\t\t\t\t\t<section class=\"elementor-section elementor-top-section elementor-element elementor-element-3fb41d6d elementor-section-boxed elementor-section-height-default elementor-section-height-default\" data-id=\"3fb41d6d\" data-element_type=\"section\">\n\t\t\t\t\t\t<div class=\"elementor-container elementor-column-gap-no\">\n\t\t\t\t\t<div class=\"elementor-column elementor-col-100 elementor-top-column elementor-element elementor-element-5e3bdabb\" data-id=\"5e3bdabb\" data-element_type=\"column\">\n\t\t\t<div class=\"elementor-widget-wrap elementor-element-populated\">\n\t\t\t\t\t\t\t\t<div class=\"elementor-element elementor-element-4c946059 elementor-align-left elementor-widget elementor-widget-breadcrumbs\" data-id=\"4c946059\" data-element_type=\"widget\" data-widget_type=\"breadcrumbs.default\">\n\t\t\t\t<div class=\"elementor-widget-container\">\n\t\t\t<p id=\"breadcrumbs\"><span><span><a href=\"https:\/\/www.omaec.org\/fr\/\">Portada<\/a><\/span><\/span><\/p>\t\t<\/div>\n\t\t\t\t<\/div>\n\t\t\t\t\t<\/div>\n\t\t<\/div>\n\t\t\t\t\t\t\t<\/div>\n\t\t<\/section>\n\t\t\t\t<section class=\"elementor-section elementor-top-section elementor-element elementor-element-60834ae6 elementor-section-boxed elementor-section-height-default elementor-section-height-default\" data-id=\"60834ae6\" data-element_type=\"section\" data-settings=\"{&quot;background_background&quot;:&quot;classic&quot;}\">\n\t\t\t\t\t\t\t<div class=\"elementor-background-overlay\"><\/div>\n\t\t\t\t\t\t\t<div class=\"elementor-container elementor-column-gap-no\">\n\t\t\t\t\t<div class=\"elementor-column elementor-col-100 elementor-top-column elementor-element elementor-element-74c3b21b\" data-id=\"74c3b21b\" data-element_type=\"column\">\n\t\t\t<div class=\"elementor-widget-wrap elementor-element-populated\">\n\t\t\t\t\t\t\t\t<div class=\"elementor-element elementor-element-62aa445b elementor-widget elementor-widget-heading\" data-id=\"62aa445b\" data-element_type=\"widget\" data-widget_type=\"heading.default\">\n\t\t\t\t<div class=\"elementor-widget-container\">\n\t\t\t<h1 class=\"elementor-heading-title elementor-size-default\">Secr\u00e9tariat des Technologies et communications (TICs)<\/h1>\t\t<\/div>\n\t\t\t\t<\/div>\n\t\t\t\t<div class=\"elementor-element elementor-element-a28a3f1 elementor-widget elementor-widget-heading\" data-id=\"a28a3f1\" data-element_type=\"widget\" data-widget_type=\"heading.default\">\n\t\t\t\t<div class=\"elementor-widget-container\">\n\t\t\t<h3 class=\"elementor-heading-title elementor-size-default\">Il vise \u00e0 mettre en \u0153uvre des outils technologiques efficaces, des processus num\u00e9riques \u00e9prouv\u00e9s et des m\u00e9thodes de communication efficaces pour am\u00e9liorer les communications internes et externes, am\u00e9liorer la performance organisationnelle et atteindre son objectif d'unir des millions d'anciens et anciennes \u00e9l\u00e8ves catholiques dans le monde entier.<\/h3>\t\t<\/div>\n\t\t\t\t<\/div>\n\t\t\t\t\t<\/div>\n\t\t<\/div>\n\t\t\t\t\t\t\t<\/div>\n\t\t<\/section>\n\t\t\t\t\t\t\t<\/div>\n\t\t","protected":false},"excerpt":{"rendered":"<p>Secr\u00e9tariat des Technologies et communications (TICs) Il vise \u00e0 mettre en \u0153uvre des outils technologiques efficaces, des processus num\u00e9riques \u00e9prouv\u00e9s et des m\u00e9thodes de communication efficaces pour am\u00e9liorer les communications internes et externes, am\u00e9liorer la performance organisationnelle et atteindre son objectif d&rsquo;unir des millions d&rsquo;anciens et anciennes \u00e9l\u00e8ves catholiques dans le monde entier.<\/p>\n","protected":false},"author":1,"featured_media":0,"parent":0,"menu_order":0,"comment_status":"closed","ping_status":"closed","template":"elementor_header_footer","meta":{"footnotes":""},"class_list":["post-19274","page","type-page","status-publish","hentry"],"acf":[],"yoast_head":"<!-- This site is optimized with the Yoast SEO plugin v20.11 - https:\/\/yoast.com\/wordpress\/plugins\/seo\/ -->\n<title>Secr\u00e9tariat TIC - Organizaci\u00f3n Mundial de Antiguos Alumnos de la Educaci\u00f3n Cat\u00f3lica<\/title>\n<meta name=\"robots\" content=\"index, follow, max-snippet:-1, max-image-preview:large, max-video-preview:-1\" \/>\n<link rel=\"canonical\" href=\"https:\/\/www.omaec.org\/secretariado-de-tics\/\" \/>\n<meta property=\"og:locale\" content=\"fr_FR\" \/>\n<meta property=\"og:type\" content=\"article\" \/>\n<meta property=\"og:title\" content=\"Secr\u00e9tariat TIC - Organizaci\u00f3n Mundial de Antiguos Alumnos de la Educaci\u00f3n Cat\u00f3lica\" \/>\n<meta property=\"og:description\" content=\"Secr\u00e9tariat des Technologies et communications (TICs) Il vise \u00e0 mettre en \u0153uvre des outils technologiques efficaces, des processus num\u00e9riques \u00e9prouv\u00e9s et des m\u00e9thodes de communication efficaces pour am\u00e9liorer les communications internes et externes, am\u00e9liorer la performance organisationnelle et atteindre son objectif d&rsquo;unir des millions d&rsquo;anciens et anciennes \u00e9l\u00e8ves catholiques dans le monde entier.\" \/>\n<meta property=\"og:url\" content=\"https:\/\/www.omaec.org\/secretariado-de-tics\/\" \/>\n<meta property=\"og:site_name\" content=\"Organizaci\u00f3n Mundial de Antiguos Alumnos de la Educaci\u00f3n Cat\u00f3lica\" \/>\n<meta property=\"article:modified_time\" content=\"2023-11-19T12:01:05+00:00\" \/>\n<meta name=\"twitter:card\" content=\"summary_large_image\" \/>\n<meta name=\"twitter:label1\" content=\"Dur\u00e9e de lecture estim\u00e9e\" \/>\n\t<meta name=\"twitter:data1\" content=\"1 minute\" \/>\n<script type=\"application\/ld+json\" class=\"yoast-schema-graph\">{\"@context\":\"https:\/\/schema.org\",\"@graph\":[{\"@type\":\"WebPage\",\"@id\":\"https:\/\/www.omaec.org\/secretariado-de-tics\/\",\"url\":\"https:\/\/www.omaec.org\/secretariado-de-tics\/\",\"name\":\"Secr\u00e9tariat TIC - Organizaci\u00f3n Mundial de Antiguos Alumnos de la Educaci\u00f3n Cat\u00f3lica\",\"isPartOf\":{\"@id\":\"https:\/\/www.omaec.org\/#website\"},\"datePublished\":\"2021-07-13T01:51:18+00:00\",\"dateModified\":\"2023-11-19T12:01:05+00:00\",\"breadcrumb\":{\"@id\":\"https:\/\/www.omaec.org\/secretariado-de-tics\/#breadcrumb\"},\"inLanguage\":\"fr-FR\",\"potentialAction\":[{\"@type\":\"ReadAction\",\"target\":[\"https:\/\/www.omaec.org\/secretariado-de-tics\/\"]}]},{\"@type\":\"BreadcrumbList\",\"@id\":\"https:\/\/www.omaec.org\/secretariado-de-tics\/#breadcrumb\",\"itemListElement\":[{\"@type\":\"ListItem\",\"position\":1,\"name\":\"Portada\",\"item\":\"https:\/\/www.omaec.org\/fr\/\"},{\"@type\":\"ListItem\",\"position\":2,\"name\":\"Secr\u00e9tariat TIC\"}]},{\"@type\":\"WebSite\",\"@id\":\"https:\/\/www.omaec.org\/#website\",\"url\":\"https:\/\/www.omaec.org\/\",\"name\":\"Organizaci\u00f3n Mundial de Antiguos Alumnos de la Educaci\u00f3n Cat\u00f3lica\",\"description\":\"OMAEC\",\"publisher\":{\"@id\":\"https:\/\/www.omaec.org\/#organization\"},\"potentialAction\":[{\"@type\":\"SearchAction\",\"target\":{\"@type\":\"EntryPoint\",\"urlTemplate\":\"https:\/\/www.omaec.org\/?s={search_term_string}\"},\"query-input\":\"required name=search_term_string\"}],\"inLanguage\":\"fr-FR\"},{\"@type\":\"Organization\",\"@id\":\"https:\/\/www.omaec.org\/#organization\",\"name\":\"Organizaci\u00f3n Mundial de Antiguos Alumnos de la Educaci\u00f3n Cat\u00f3lica\",\"url\":\"https:\/\/www.omaec.org\/\",\"logo\":{\"@type\":\"ImageObject\",\"inLanguage\":\"fr-FR\",\"@id\":\"https:\/\/www.omaec.org\/#\/schema\/logo\/image\/\",\"url\":\"https:\/\/www.omaec.org\/wp-content\/uploads\/2021\/06\/OMAEC-LOGO-OFICIAL.jpg\",\"contentUrl\":\"https:\/\/www.omaec.org\/wp-content\/uploads\/2021\/06\/OMAEC-LOGO-OFICIAL.jpg\",\"width\":525,\"height\":452,\"caption\":\"Organizaci\u00f3n Mundial de Antiguos  Alumnos de la Educaci\u00f3n Cat\u00f3lica\"},\"image\":{\"@id\":\"https:\/\/www.omaec.org\/#\/schema\/logo\/image\/\"}}]}<\/script>\n<!-- \/ Yoast SEO plugin. -->","yoast_head_json":{"title":"Secr\u00e9tariat TIC - Organizaci\u00f3n Mundial de Antiguos Alumnos de la Educaci\u00f3n Cat\u00f3lica","robots":{"index":"index","follow":"follow","max-snippet":"max-snippet:-1","max-image-preview":"max-image-preview:large","max-video-preview":"max-video-preview:-1"},"canonical":"https:\/\/www.omaec.org\/secretariado-de-tics\/","og_locale":"fr_FR","og_type":"article","og_title":"Secr\u00e9tariat TIC - Organizaci\u00f3n Mundial de Antiguos Alumnos de la Educaci\u00f3n Cat\u00f3lica","og_description":"Secr\u00e9tariat des Technologies et communications (TICs) Il vise \u00e0 mettre en \u0153uvre des outils technologiques efficaces, des processus num\u00e9riques \u00e9prouv\u00e9s et des m\u00e9thodes de communication efficaces pour am\u00e9liorer les communications internes et externes, am\u00e9liorer la performance organisationnelle et atteindre son objectif d&rsquo;unir des millions d&rsquo;anciens et anciennes \u00e9l\u00e8ves catholiques dans le monde entier.","og_url":"https:\/\/www.omaec.org\/secretariado-de-tics\/","og_site_name":"Organizaci\u00f3n Mundial de Antiguos Alumnos de la Educaci\u00f3n Cat\u00f3lica","article_modified_time":"2023-11-19T12:01:05+00:00","twitter_card":"summary_large_image","twitter_misc":{"Dur\u00e9e de lecture estim\u00e9e":"1 minute"},"schema":{"@context":"https:\/\/schema.org","@graph":[{"@type":"WebPage","@id":"https:\/\/www.omaec.org\/secretariado-de-tics\/","url":"https:\/\/www.omaec.org\/secretariado-de-tics\/","name":"Secr\u00e9tariat TIC - Organizaci\u00f3n Mundial de Antiguos Alumnos de la Educaci\u00f3n Cat\u00f3lica","isPartOf":{"@id":"https:\/\/www.omaec.org\/#website"},"datePublished":"2021-07-13T01:51:18+00:00","dateModified":"2023-11-19T12:01:05+00:00","breadcrumb":{"@id":"https:\/\/www.omaec.org\/secretariado-de-tics\/#breadcrumb"},"inLanguage":"fr-FR","potentialAction":[{"@type":"ReadAction","target":["https:\/\/www.omaec.org\/secretariado-de-tics\/"]}]},{"@type":"BreadcrumbList","@id":"https:\/\/www.omaec.org\/secretariado-de-tics\/#breadcrumb","itemListElement":[{"@type":"ListItem","position":1,"name":"Portada","item":"https:\/\/www.omaec.org\/fr\/"},{"@type":"ListItem","position":2,"name":"Secr\u00e9tariat TIC"}]},{"@type":"WebSite","@id":"https:\/\/www.omaec.org\/#website","url":"https:\/\/www.omaec.org\/","name":"Organizaci\u00f3n Mundial de Antiguos Alumnos de la Educaci\u00f3n Cat\u00f3lica","description":"OMAEC","publisher":{"@id":"https:\/\/www.omaec.org\/#organization"},"potentialAction":[{"@type":"SearchAction","target":{"@type":"EntryPoint","urlTemplate":"https:\/\/www.omaec.org\/?s={search_term_string}"},"query-input":"required name=search_term_string"}],"inLanguage":"fr-FR"},{"@type":"Organization","@id":"https:\/\/www.omaec.org\/#organization","name":"Organizaci\u00f3n Mundial de Antiguos Alumnos de la Educaci\u00f3n Cat\u00f3lica","url":"https:\/\/www.omaec.org\/","logo":{"@type":"ImageObject","inLanguage":"fr-FR","@id":"https:\/\/www.omaec.org\/#\/schema\/logo\/image\/","url":"https:\/\/www.omaec.org\/wp-content\/uploads\/2021\/06\/OMAEC-LOGO-OFICIAL.jpg","contentUrl":"https:\/\/www.omaec.org\/wp-content\/uploads\/2021\/06\/OMAEC-LOGO-OFICIAL.jpg","width":525,"height":452,"caption":"Organizaci\u00f3n Mundial de Antiguos  Alumnos de la Educaci\u00f3n Cat\u00f3lica"},"image":{"@id":"https:\/\/www.omaec.org\/#\/schema\/logo\/image\/"}}]}},"_links":{"self":[{"href":"https:\/\/www.omaec.org\/fr\/wp-json\/wp\/v2\/pages\/19274","targetHints":{"allow":["GET"]}}],"collection":[{"href":"https:\/\/www.omaec.org\/fr\/wp-json\/wp\/v2\/pages"}],"about":[{"href":"https:\/\/www.omaec.org\/fr\/wp-json\/wp\/v2\/types\/page"}],"author":[{"embeddable":true,"href":"https:\/\/www.omaec.org\/fr\/wp-json\/wp\/v2\/users\/1"}],"replies":[{"embeddable":true,"href":"https:\/\/www.omaec.org\/fr\/wp-json\/wp\/v2\/comments?post=19274"}],"version-history":[{"count":8,"href":"https:\/\/www.omaec.org\/fr\/wp-json\/wp\/v2\/pages\/19274\/revisions"}],"predecessor-version":[{"id":19967,"href":"https:\/\/www.omaec.org\/fr\/wp-json\/wp\/v2\/pages\/19274\/revisions\/19967"}],"wp:attachment":[{"href":"https:\/\/www.omaec.org\/fr\/wp-json\/wp\/v2\/media?parent=19274"}],"curies":[{"name":"wp","href":"https:\/\/api.w.org\/{rel}","templated":true}]}}

Secrétariat TIC

<div data-elementor-type="wp-page" data-elementor-id="19274" class="elementor elementor-19274 elementor-7369" data-elementor-post-type="page">
									<section class="elementor-section elementor-top-section elementor-element elementor-element-3fb41d6d elementor-section-boxed elementor-section-height-default elementor-section-height-default" data-id="3fb41d6d" data-element_type="section">
						<div class="elementor-container elementor-column-gap-no">
					<div class="elementor-column elementor-col-100 elementor-top-column elementor-element elementor-element-5e3bdabb" data-id="5e3bdabb" data-element_type="column">
			<div class="elementor-widget-wrap elementor-element-populated">
								<div class="elementor-element elementor-element-4c946059 elementor-align-left elementor-widget elementor-widget-breadcrumbs" data-id="4c946059" data-element_type="widget" data-widget_type="breadcrumbs.default">
				<div class="elementor-widget-container">
			<p id="breadcrumbs"><span><span><a href="https://www.omaec.org/fr/">Portada</a></span></span></p>		</div>
				</div>
					</div>
		</div>
							</div>
		</section>
				<section class="elementor-section elementor-top-section elementor-element elementor-element-60834ae6 elementor-section-boxed elementor-section-height-default elementor-section-height-default" data-id="60834ae6" data-element_type="section" data-settings="{&quot;background_background&quot;:&quot;classic&quot;}">
							<div class="elementor-background-overlay"></div>
							<div class="elementor-container elementor-column-gap-no">
					<div class="elementor-column elementor-col-100 elementor-top-column elementor-element elementor-element-74c3b21b" data-id="74c3b21b" data-element_type="column">
			<div class="elementor-widget-wrap elementor-element-populated">
								<div class="elementor-element elementor-element-62aa445b elementor-widget elementor-widget-heading" data-id="62aa445b" data-element_type="widget" data-widget_type="heading.default">
				<div class="elementor-widget-container">
			<h1 class="elementor-heading-title elementor-size-default">Secrétariat des Technologies et communications (TICs)</h1>		</div>
				</div>
				<div class="elementor-element elementor-element-a28a3f1 elementor-widget elementor-widget-heading" data-id="a28a3f1" data-element_type="widget" data-widget_type="heading.default">
				<div class="elementor-widget-container">
			<h3 class="elementor-heading-title elementor-size-default">Il vise à mettre en œuvre des outils technologiques efficaces, des processus numériques éprouvés et des méthodes de communication efficaces pour améliorer les communications internes et externes, améliorer la performance organisationnelle et atteindre son objectif d'unir des millions d'anciens et anciennes élèves catholiques dans le monde entier.</h3>		</div>
				</div>
					</div>
		</div>
							</div>
		</section>
							</div>

<p>Secrétariat des Technologies et communications (TICs) Il vise à mettre en œuvre des outils technologiques efficaces, des processus numériques éprouvés et des méthodes de communication efficaces pour améliorer les communications internes et externes, améliorer la performance organisationnelle et atteindre son objectif d&rsquo;unir des millions d&rsquo;anciens et anciennes élèves catholiques dans le monde entier.</p>

<!-- This site is optimized with the Yoast SEO plugin v20.11 - https://yoast.com/wordpress/plugins/seo/ -->
<title>Secrétariat TIC - Organización Mundial de Antiguos Alumnos de la Educación Católica</title>
<meta name="robots" content="index, follow, max-snippet:-1, max-image-preview:large, max-video-preview:-1" />
<link rel="canonical" href="https://www.omaec.org/secretariado-de-tics/" />
<meta property="og:locale" content="fr_FR" />
<meta property="og:type" content="article" />
<meta property="og:title" content="Secrétariat TIC - Organización Mundial de Antiguos Alumnos de la Educación Católica" />
<meta property="og:description" content="Secrétariat des Technologies et communications (TICs) Il vise à mettre en œuvre des outils technologiques efficaces, des processus numériques éprouvés et des méthodes de communication efficaces pour améliorer les communications internes et externes, améliorer la performance organisationnelle et atteindre son objectif d&rsquo;unir des millions d&rsquo;anciens et anciennes élèves catholiques dans le monde entier." />
<meta property="og:url" content="https://www.omaec.org/secretariado-de-tics/" />
<meta property="og:site_name" content="Organización Mundial de Antiguos Alumnos de la Educación Católica" />
<meta property="article:modified_time" content="2023-11-19T12:01:05+00:00" />
<meta name="twitter:card" content="summary_large_image" />
<meta name="twitter:label1" content="Durée de lecture estimée" />
	<meta name="twitter:data1" content="1 minute" />
<script type="application/ld+json" class="yoast-schema-graph">{"@context":"https://schema.org","@graph":[{"@type":"WebPage","@id":"https://www.omaec.org/secretariado-de-tics/","url":"https://www.omaec.org/secretariado-de-tics/","name":"Secrétariat TIC - Organización Mundial de Antiguos Alumnos de la Educación Católica","isPartOf":{"@id":"https://www.omaec.org/#website"},"datePublished":"2021-07-13T01:51:18+00:00","dateModified":"2023-11-19T12:01:05+00:00","breadcrumb":{"@id":"https://www.omaec.org/secretariado-de-tics/#breadcrumb"},"inLanguage":"fr-FR","potentialAction":[{"@type":"ReadAction","target":["https://www.omaec.org/secretariado-de-tics/"]}]},{"@type":"BreadcrumbList","@id":"https://www.omaec.org/secretariado-de-tics/#breadcrumb","itemListElement":[{"@type":"ListItem","position":1,"name":"Portada","item":"https://www.omaec.org/fr/"},{"@type":"ListItem","position":2,"name":"Secrétariat TIC"}]},{"@type":"WebSite","@id":"https://www.omaec.org/#website","url":"https://www.omaec.org/","name":"Organización Mundial de Antiguos Alumnos de la Educación Católica","description":"OMAEC","publisher":{"@id":"https://www.omaec.org/#organization"},"potentialAction":[{"@type":"SearchAction","target":{"@type":"EntryPoint","urlTemplate":"https://www.omaec.org/?s={search_term_string}"},"query-input":"required name=search_term_string"}],"inLanguage":"fr-FR"},{"@type":"Organization","@id":"https://www.omaec.org/#organization","name":"Organización Mundial de Antiguos Alumnos de la Educación Católica","url":"https://www.omaec.org/","logo":{"@type":"ImageObject","inLanguage":"fr-FR","@id":"https://www.omaec.org/#/schema/logo/image/","url":"https://www.omaec.org/wp-content/uploads/2021/06/OMAEC-LOGO-OFICIAL.jpg","contentUrl":"https://www.omaec.org/wp-content/uploads/2021/06/OMAEC-LOGO-OFICIAL.jpg","width":525,"height":452,"caption":"Organización Mundial de Antiguos  Alumnos de la Educación Católica"},"image":{"@id":"https://www.omaec.org/#/schema/logo/image/"}}]}</script>
<!-- / Yoast SEO plugin. -->

Secrétariat TIC - Organización Mundial de Antiguos Alumnos de la Educación Católica

Secrétariat des Technologies et communications (TICs) Il vise à mettre en œuvre des outils technologiques efficaces, des processus numériques éprouvés et des méthodes de communication efficaces pour améliorer les communications internes et externes, améliorer la performance organisationnelle et atteindre son objectif d&rsquo;unir des millions d&rsquo;anciens et anciennes élèves catholiques dans le monde entier.

Organización Mundial de Antiguos Alumnos de la Educación Católica

Organización Mundial de Antiguos  Alumnos de la Educación Católica
