{"id":19864,"date":"2017-10-23T14:13:12","date_gmt":"2017-10-23T13:13:12","guid":{"rendered":"https:\/\/www.omaec.org\/documentos-omaec\/xve-congres-de-lomaec-au-dela-de-lecole-mots-du-pere-edward-fassett-s-j-secretaire-a-la-collaboration-curie-generale-de-la-compagnie-de-jesus-23-10-2017\/"},"modified":"2017-10-23T14:13:12","modified_gmt":"2017-10-23T13:13:12","slug":"xve-congres-de-lomaec-au-dela-de-lecole-mots-du-pere-edward-fassett-s-j-secretaire-a-la-collaboration-curie-generale-de-la-compagnie-de-jesus-23-10-2017","status":"publish","type":"documentos-omaec","link":"https:\/\/www.omaec.org\/fr\/documentos-omaec\/xve-congres-de-lomaec-au-dela-de-lecole-mots-du-pere-edward-fassett-s-j-secretaire-a-la-collaboration-curie-generale-de-la-compagnie-de-jesus-23-10-2017\/","title":{"rendered":"XVe Congr\u00e8s de l&rsquo;OMAEC &#8211; Au-del\u00e0 de l&rsquo;\u00e9cole &#8211; Mots du P\u00e8re Edward Fassett, S.J. &#8211; Secr\u00e9taire \u00e0 la collaboration &#8211; Curie G\u00e9n\u00e9rale de la Compagnie de J\u00e9sus. 23\/10\/2017"},"content":{"rendered":"","protected":false},"featured_media":0,"template":"","categories":[48],"tipos_de_documentos":[305],"class_list":["post-19864","documentos-omaec","type-documentos-omaec","status-publish","hentry","category-conferences","tipos_de_documentos-wuja-fr"],"acf":[],"yoast_head":"<!-- This site is optimized with the Yoast SEO plugin v20.11 - https:\/\/yoast.com\/wordpress\/plugins\/seo\/ -->\n<title>XVe Congr\u00e8s de l&#039;OMAEC - Au-del\u00e0 de l&#039;\u00e9cole - Mots du P\u00e8re Edward Fassett, S.J. - Secr\u00e9taire \u00e0 la collaboration - Curie G\u00e9n\u00e9rale de la Compagnie de J\u00e9sus. 23\/10\/2017 - Organizaci\u00f3n Mundial de Antiguos Alumnos de la Educaci\u00f3n Cat\u00f3lica<\/title>\n<meta name=\"robots\" content=\"index, follow, max-snippet:-1, max-image-preview:large, max-video-preview:-1\" \/>\n<link rel=\"canonical\" href=\"https:\/\/www.omaec.org\/documentos-omaec\/xv-congreso-omaec-mas-alla-de-la-escuela-palabras-del-padre-edward-fassett-s-j-secretario-para-la-colaboracion-curia-generalicia-de-la-compania-de-jesus\/\" \/>\n<meta property=\"og:locale\" content=\"fr_FR\" \/>\n<meta property=\"og:type\" content=\"article\" \/>\n<meta property=\"og:title\" content=\"XVe Congr\u00e8s de l&#039;OMAEC - Au-del\u00e0 de l&#039;\u00e9cole - Mots du P\u00e8re Edward Fassett, S.J. - Secr\u00e9taire \u00e0 la collaboration - Curie G\u00e9n\u00e9rale de la Compagnie de J\u00e9sus. 23\/10\/2017 - Organizaci\u00f3n Mundial de Antiguos Alumnos de la Educaci\u00f3n Cat\u00f3lica\" \/>\n<meta property=\"og:url\" content=\"https:\/\/www.omaec.org\/documentos-omaec\/xv-congreso-omaec-mas-alla-de-la-escuela-palabras-del-padre-edward-fassett-s-j-secretario-para-la-colaboracion-curia-generalicia-de-la-compania-de-jesus\/\" \/>\n<meta property=\"og:site_name\" content=\"Organizaci\u00f3n Mundial de Antiguos Alumnos de la Educaci\u00f3n Cat\u00f3lica\" \/>\n<meta name=\"twitter:card\" content=\"summary_large_image\" \/>\n<script type=\"application\/ld+json\" class=\"yoast-schema-graph\">{\"@context\":\"https:\/\/schema.org\",\"@graph\":[{\"@type\":\"WebPage\",\"@id\":\"https:\/\/www.omaec.org\/documentos-omaec\/xv-congreso-omaec-mas-alla-de-la-escuela-palabras-del-padre-edward-fassett-s-j-secretario-para-la-colaboracion-curia-generalicia-de-la-compania-de-jesus\/\",\"url\":\"https:\/\/www.omaec.org\/documentos-omaec\/xv-congreso-omaec-mas-alla-de-la-escuela-palabras-del-padre-edward-fassett-s-j-secretario-para-la-colaboracion-curia-generalicia-de-la-compania-de-jesus\/\",\"name\":\"XVe Congr\u00e8s de l'OMAEC - Au-del\u00e0 de l'\u00e9cole - Mots du P\u00e8re Edward Fassett, S.J. - Secr\u00e9taire \u00e0 la collaboration - Curie G\u00e9n\u00e9rale de la Compagnie de J\u00e9sus. 23\/10\/2017 - Organizaci\u00f3n Mundial de Antiguos Alumnos de la Educaci\u00f3n Cat\u00f3lica\",\"isPartOf\":{\"@id\":\"https:\/\/www.omaec.org\/#website\"},\"datePublished\":\"2017-10-23T13:13:12+00:00\",\"dateModified\":\"2017-10-23T13:13:12+00:00\",\"breadcrumb\":{\"@id\":\"https:\/\/www.omaec.org\/documentos-omaec\/xv-congreso-omaec-mas-alla-de-la-escuela-palabras-del-padre-edward-fassett-s-j-secretario-para-la-colaboracion-curia-generalicia-de-la-compania-de-jesus\/#breadcrumb\"},\"inLanguage\":\"fr-FR\",\"potentialAction\":[{\"@type\":\"ReadAction\",\"target\":[\"https:\/\/www.omaec.org\/documentos-omaec\/xv-congreso-omaec-mas-alla-de-la-escuela-palabras-del-padre-edward-fassett-s-j-secretario-para-la-colaboracion-curia-generalicia-de-la-compania-de-jesus\/\"]}]},{\"@type\":\"BreadcrumbList\",\"@id\":\"https:\/\/www.omaec.org\/documentos-omaec\/xv-congreso-omaec-mas-alla-de-la-escuela-palabras-del-padre-edward-fassett-s-j-secretario-para-la-colaboracion-curia-generalicia-de-la-compania-de-jesus\/#breadcrumb\",\"itemListElement\":[{\"@type\":\"ListItem\",\"position\":1,\"name\":\"Portada\",\"item\":\"https:\/\/www.omaec.org\/fr\/\"},{\"@type\":\"ListItem\",\"position\":2,\"name\":\"Documentos varios\",\"item\":\"https:\/\/www.omaec.org\/documentos-omaec\/\"},{\"@type\":\"ListItem\",\"position\":3,\"name\":\"XVe Congr\u00e8s de l&#8217;OMAEC &#8211; Au-del\u00e0 de l&#8217;\u00e9cole &#8211; Mots du P\u00e8re Edward Fassett, S.J. &#8211; Secr\u00e9taire \u00e0 la collaboration &#8211; Curie G\u00e9n\u00e9rale de la Compagnie de J\u00e9sus. 23\/10\/2017\"}]},{\"@type\":\"WebSite\",\"@id\":\"https:\/\/www.omaec.org\/#website\",\"url\":\"https:\/\/www.omaec.org\/\",\"name\":\"Organizaci\u00f3n Mundial de Antiguos Alumnos de la Educaci\u00f3n Cat\u00f3lica\",\"description\":\"OMAEC\",\"publisher\":{\"@id\":\"https:\/\/www.omaec.org\/#organization\"},\"potentialAction\":[{\"@type\":\"SearchAction\",\"target\":{\"@type\":\"EntryPoint\",\"urlTemplate\":\"https:\/\/www.omaec.org\/?s={search_term_string}\"},\"query-input\":\"required name=search_term_string\"}],\"inLanguage\":\"fr-FR\"},{\"@type\":\"Organization\",\"@id\":\"https:\/\/www.omaec.org\/#organization\",\"name\":\"Organizaci\u00f3n Mundial de Antiguos Alumnos de la Educaci\u00f3n Cat\u00f3lica\",\"url\":\"https:\/\/www.omaec.org\/\",\"logo\":{\"@type\":\"ImageObject\",\"inLanguage\":\"fr-FR\",\"@id\":\"https:\/\/www.omaec.org\/#\/schema\/logo\/image\/\",\"url\":\"https:\/\/www.omaec.org\/wp-content\/uploads\/2021\/06\/OMAEC-LOGO-OFICIAL.jpg\",\"contentUrl\":\"https:\/\/www.omaec.org\/wp-content\/uploads\/2021\/06\/OMAEC-LOGO-OFICIAL.jpg\",\"width\":525,\"height\":452,\"caption\":\"Organizaci\u00f3n Mundial de Antiguos  Alumnos de la Educaci\u00f3n Cat\u00f3lica\"},\"image\":{\"@id\":\"https:\/\/www.omaec.org\/#\/schema\/logo\/image\/\"}}]}<\/script>\n<!-- \/ Yoast SEO plugin. -->","yoast_head_json":{"title":"XVe Congr\u00e8s de l'OMAEC - Au-del\u00e0 de l'\u00e9cole - Mots du P\u00e8re Edward Fassett, S.J. - Secr\u00e9taire \u00e0 la collaboration - Curie G\u00e9n\u00e9rale de la Compagnie de J\u00e9sus. 23\/10\/2017 - Organizaci\u00f3n Mundial de Antiguos Alumnos de la Educaci\u00f3n Cat\u00f3lica","robots":{"index":"index","follow":"follow","max-snippet":"max-snippet:-1","max-image-preview":"max-image-preview:large","max-video-preview":"max-video-preview:-1"},"canonical":"https:\/\/www.omaec.org\/documentos-omaec\/xv-congreso-omaec-mas-alla-de-la-escuela-palabras-del-padre-edward-fassett-s-j-secretario-para-la-colaboracion-curia-generalicia-de-la-compania-de-jesus\/","og_locale":"fr_FR","og_type":"article","og_title":"XVe Congr\u00e8s de l'OMAEC - Au-del\u00e0 de l'\u00e9cole - Mots du P\u00e8re Edward Fassett, S.J. - Secr\u00e9taire \u00e0 la collaboration - Curie G\u00e9n\u00e9rale de la Compagnie de J\u00e9sus. 23\/10\/2017 - Organizaci\u00f3n Mundial de Antiguos Alumnos de la Educaci\u00f3n Cat\u00f3lica","og_url":"https:\/\/www.omaec.org\/documentos-omaec\/xv-congreso-omaec-mas-alla-de-la-escuela-palabras-del-padre-edward-fassett-s-j-secretario-para-la-colaboracion-curia-generalicia-de-la-compania-de-jesus\/","og_site_name":"Organizaci\u00f3n Mundial de Antiguos Alumnos de la Educaci\u00f3n Cat\u00f3lica","twitter_card":"summary_large_image","schema":{"@context":"https:\/\/schema.org","@graph":[{"@type":"WebPage","@id":"https:\/\/www.omaec.org\/documentos-omaec\/xv-congreso-omaec-mas-alla-de-la-escuela-palabras-del-padre-edward-fassett-s-j-secretario-para-la-colaboracion-curia-generalicia-de-la-compania-de-jesus\/","url":"https:\/\/www.omaec.org\/documentos-omaec\/xv-congreso-omaec-mas-alla-de-la-escuela-palabras-del-padre-edward-fassett-s-j-secretario-para-la-colaboracion-curia-generalicia-de-la-compania-de-jesus\/","name":"XVe Congr\u00e8s de l'OMAEC - Au-del\u00e0 de l'\u00e9cole - Mots du P\u00e8re Edward Fassett, S.J. - Secr\u00e9taire \u00e0 la collaboration - Curie G\u00e9n\u00e9rale de la Compagnie de J\u00e9sus. 23\/10\/2017 - Organizaci\u00f3n Mundial de Antiguos Alumnos de la Educaci\u00f3n Cat\u00f3lica","isPartOf":{"@id":"https:\/\/www.omaec.org\/#website"},"datePublished":"2017-10-23T13:13:12+00:00","dateModified":"2017-10-23T13:13:12+00:00","breadcrumb":{"@id":"https:\/\/www.omaec.org\/documentos-omaec\/xv-congreso-omaec-mas-alla-de-la-escuela-palabras-del-padre-edward-fassett-s-j-secretario-para-la-colaboracion-curia-generalicia-de-la-compania-de-jesus\/#breadcrumb"},"inLanguage":"fr-FR","potentialAction":[{"@type":"ReadAction","target":["https:\/\/www.omaec.org\/documentos-omaec\/xv-congreso-omaec-mas-alla-de-la-escuela-palabras-del-padre-edward-fassett-s-j-secretario-para-la-colaboracion-curia-generalicia-de-la-compania-de-jesus\/"]}]},{"@type":"BreadcrumbList","@id":"https:\/\/www.omaec.org\/documentos-omaec\/xv-congreso-omaec-mas-alla-de-la-escuela-palabras-del-padre-edward-fassett-s-j-secretario-para-la-colaboracion-curia-generalicia-de-la-compania-de-jesus\/#breadcrumb","itemListElement":[{"@type":"ListItem","position":1,"name":"Portada","item":"https:\/\/www.omaec.org\/fr\/"},{"@type":"ListItem","position":2,"name":"Documentos varios","item":"https:\/\/www.omaec.org\/documentos-omaec\/"},{"@type":"ListItem","position":3,"name":"XVe Congr\u00e8s de l&#8217;OMAEC &#8211; Au-del\u00e0 de l&#8217;\u00e9cole &#8211; Mots du P\u00e8re Edward Fassett, S.J. &#8211; Secr\u00e9taire \u00e0 la collaboration &#8211; Curie G\u00e9n\u00e9rale de la Compagnie de J\u00e9sus. 23\/10\/2017"}]},{"@type":"WebSite","@id":"https:\/\/www.omaec.org\/#website","url":"https:\/\/www.omaec.org\/","name":"Organizaci\u00f3n Mundial de Antiguos Alumnos de la Educaci\u00f3n Cat\u00f3lica","description":"OMAEC","publisher":{"@id":"https:\/\/www.omaec.org\/#organization"},"potentialAction":[{"@type":"SearchAction","target":{"@type":"EntryPoint","urlTemplate":"https:\/\/www.omaec.org\/?s={search_term_string}"},"query-input":"required name=search_term_string"}],"inLanguage":"fr-FR"},{"@type":"Organization","@id":"https:\/\/www.omaec.org\/#organization","name":"Organizaci\u00f3n Mundial de Antiguos Alumnos de la Educaci\u00f3n Cat\u00f3lica","url":"https:\/\/www.omaec.org\/","logo":{"@type":"ImageObject","inLanguage":"fr-FR","@id":"https:\/\/www.omaec.org\/#\/schema\/logo\/image\/","url":"https:\/\/www.omaec.org\/wp-content\/uploads\/2021\/06\/OMAEC-LOGO-OFICIAL.jpg","contentUrl":"https:\/\/www.omaec.org\/wp-content\/uploads\/2021\/06\/OMAEC-LOGO-OFICIAL.jpg","width":525,"height":452,"caption":"Organizaci\u00f3n Mundial de Antiguos  Alumnos de la Educaci\u00f3n Cat\u00f3lica"},"image":{"@id":"https:\/\/www.omaec.org\/#\/schema\/logo\/image\/"}}]}},"_links":{"self":[{"href":"https:\/\/www.omaec.org\/fr\/wp-json\/wp\/v2\/documentos-omaec\/19864","targetHints":{"allow":["GET"]}}],"collection":[{"href":"https:\/\/www.omaec.org\/fr\/wp-json\/wp\/v2\/documentos-omaec"}],"about":[{"href":"https:\/\/www.omaec.org\/fr\/wp-json\/wp\/v2\/types\/documentos-omaec"}],"wp:attachment":[{"href":"https:\/\/www.omaec.org\/fr\/wp-json\/wp\/v2\/media?parent=19864"}],"wp:term":[{"taxonomy":"category","embeddable":true,"href":"https:\/\/www.omaec.org\/fr\/wp-json\/wp\/v2\/categories?post=19864"},{"taxonomy":"tipos_de_documentos","embeddable":true,"href":"https:\/\/www.omaec.org\/fr\/wp-json\/wp\/v2\/tipos_de_documentos?post=19864"}],"curies":[{"name":"wp","href":"https:\/\/api.w.org\/{rel}","templated":true}]}}

XVe Congrès de l&rsquo;OMAEC &#8211; Au-delà de l&rsquo;école &#8211; Mots du Père Edward Fassett, S.J. &#8211; Secrétaire à la collaboration &#8211; Curie Générale de la Compagnie de Jésus. 23/10/2017

<!-- This site is optimized with the Yoast SEO plugin v20.11 - https://yoast.com/wordpress/plugins/seo/ -->
<title>XVe Congrès de l&#039;OMAEC - Au-delà de l&#039;école - Mots du Père Edward Fassett, S.J. - Secrétaire à la collaboration - Curie Générale de la Compagnie de Jésus. 23/10/2017 - Organización Mundial de Antiguos Alumnos de la Educación Católica</title>
<meta name="robots" content="index, follow, max-snippet:-1, max-image-preview:large, max-video-preview:-1" />
<link rel="canonical" href="https://www.omaec.org/documentos-omaec/xv-congreso-omaec-mas-alla-de-la-escuela-palabras-del-padre-edward-fassett-s-j-secretario-para-la-colaboracion-curia-generalicia-de-la-compania-de-jesus/" />
<meta property="og:locale" content="fr_FR" />
<meta property="og:type" content="article" />
<meta property="og:title" content="XVe Congrès de l&#039;OMAEC - Au-delà de l&#039;école - Mots du Père Edward Fassett, S.J. - Secrétaire à la collaboration - Curie Générale de la Compagnie de Jésus. 23/10/2017 - Organización Mundial de Antiguos Alumnos de la Educación Católica" />
<meta property="og:url" content="https://www.omaec.org/documentos-omaec/xv-congreso-omaec-mas-alla-de-la-escuela-palabras-del-padre-edward-fassett-s-j-secretario-para-la-colaboracion-curia-generalicia-de-la-compania-de-jesus/" />
<meta property="og:site_name" content="Organización Mundial de Antiguos Alumnos de la Educación Católica" />
<meta name="twitter:card" content="summary_large_image" />
<script type="application/ld+json" class="yoast-schema-graph">{"@context":"https://schema.org","@graph":[{"@type":"WebPage","@id":"https://www.omaec.org/documentos-omaec/xv-congreso-omaec-mas-alla-de-la-escuela-palabras-del-padre-edward-fassett-s-j-secretario-para-la-colaboracion-curia-generalicia-de-la-compania-de-jesus/","url":"https://www.omaec.org/documentos-omaec/xv-congreso-omaec-mas-alla-de-la-escuela-palabras-del-padre-edward-fassett-s-j-secretario-para-la-colaboracion-curia-generalicia-de-la-compania-de-jesus/","name":"XVe Congrès de l'OMAEC - Au-delà de l'école - Mots du Père Edward Fassett, S.J. - Secrétaire à la collaboration - Curie Générale de la Compagnie de Jésus. 23/10/2017 - Organización Mundial de Antiguos Alumnos de la Educación Católica","isPartOf":{"@id":"https://www.omaec.org/#website"},"datePublished":"2017-10-23T13:13:12+00:00","dateModified":"2017-10-23T13:13:12+00:00","breadcrumb":{"@id":"https://www.omaec.org/documentos-omaec/xv-congreso-omaec-mas-alla-de-la-escuela-palabras-del-padre-edward-fassett-s-j-secretario-para-la-colaboracion-curia-generalicia-de-la-compania-de-jesus/#breadcrumb"},"inLanguage":"fr-FR","potentialAction":[{"@type":"ReadAction","target":["https://www.omaec.org/documentos-omaec/xv-congreso-omaec-mas-alla-de-la-escuela-palabras-del-padre-edward-fassett-s-j-secretario-para-la-colaboracion-curia-generalicia-de-la-compania-de-jesus/"]}]},{"@type":"BreadcrumbList","@id":"https://www.omaec.org/documentos-omaec/xv-congreso-omaec-mas-alla-de-la-escuela-palabras-del-padre-edward-fassett-s-j-secretario-para-la-colaboracion-curia-generalicia-de-la-compania-de-jesus/#breadcrumb","itemListElement":[{"@type":"ListItem","position":1,"name":"Portada","item":"https://www.omaec.org/fr/"},{"@type":"ListItem","position":2,"name":"Documentos varios","item":"https://www.omaec.org/documentos-omaec/"},{"@type":"ListItem","position":3,"name":"XVe Congrès de l&#8217;OMAEC &#8211; Au-delà de l&#8217;école &#8211; Mots du Père Edward Fassett, S.J. &#8211; Secrétaire à la collaboration &#8211; Curie Générale de la Compagnie de Jésus. 23/10/2017"}]},{"@type":"WebSite","@id":"https://www.omaec.org/#website","url":"https://www.omaec.org/","name":"Organización Mundial de Antiguos Alumnos de la Educación Católica","description":"OMAEC","publisher":{"@id":"https://www.omaec.org/#organization"},"potentialAction":[{"@type":"SearchAction","target":{"@type":"EntryPoint","urlTemplate":"https://www.omaec.org/?s={search_term_string}"},"query-input":"required name=search_term_string"}],"inLanguage":"fr-FR"},{"@type":"Organization","@id":"https://www.omaec.org/#organization","name":"Organización Mundial de Antiguos Alumnos de la Educación Católica","url":"https://www.omaec.org/","logo":{"@type":"ImageObject","inLanguage":"fr-FR","@id":"https://www.omaec.org/#/schema/logo/image/","url":"https://www.omaec.org/wp-content/uploads/2021/06/OMAEC-LOGO-OFICIAL.jpg","contentUrl":"https://www.omaec.org/wp-content/uploads/2021/06/OMAEC-LOGO-OFICIAL.jpg","width":525,"height":452,"caption":"Organización Mundial de Antiguos  Alumnos de la Educación Católica"},"image":{"@id":"https://www.omaec.org/#/schema/logo/image/"}}]}</script>
<!-- / Yoast SEO plugin. -->

XVe Congrès de l'OMAEC - Au-delà de l'école - Mots du Père Edward Fassett, S.J. - Secrétaire à la collaboration - Curie Générale de la Compagnie de Jésus. 23/10/2017 - Organización Mundial de Antiguos Alumnos de la Educación Católica

Organización Mundial de Antiguos Alumnos de la Educación Católica

XVe Congrès de l&#8217;OMAEC &#8211; Au-delà de l&#8217;école &#8211; Mots du Père Edward Fassett, S.J. &#8211; Secrétaire à la collaboration &#8211; Curie Générale de la Compagnie de Jésus. 23/10/2017

Organización Mundial de Antiguos  Alumnos de la Educación Católica
