{"id":20144,"date":"2023-02-15T20:15:10","date_gmt":"2023-02-15T19:15:10","guid":{"rendered":"https:\/\/www.omaec.org\/miembros-omaec\/fesaaeec-federation-alumni-alumni-of-catholic-education-of-senegal\/"},"modified":"2023-12-02T08:16:39","modified_gmt":"2023-12-02T07:16:39","slug":"fesaaeec-federation-alumni-alumni-of-catholic-education-of-senegal","status":"publish","type":"miembros-omaec","link":"https:\/\/www.omaec.org\/en\/members-omaec\/fesaaeec-federation-alumni-alumni-of-catholic-education-of-senegal\/","title":{"rendered":"FESAAEEC-Federation Alumni Alumni of Catholic Education of Senegal"},"content":{"rendered":"","protected":false},"excerpt":{"rendered":"","protected":false},"featured_media":18241,"parent":0,"menu_order":0,"template":"","meta":{"footnotes":""},"categories":[],"tipo-de-organizacion":[268],"class_list":["post-20144","miembros-omaec","type-miembros-omaec","status-publish","has-post-thumbnail","hentry","tipo-de-organizacion-national"],"acf":[],"yoast_head":"<!-- This site is optimized with the Yoast SEO plugin v20.11 - https:\/\/yoast.com\/wordpress\/plugins\/seo\/ -->\n<title>FESAAEEC-Federation Alumni Alumni of Catholic Education of Senegal - Organizaci\u00f3n Mundial de Antiguos Alumnos de la Educaci\u00f3n Cat\u00f3lica<\/title>\n<meta name=\"robots\" content=\"index, follow, max-snippet:-1, max-image-preview:large, max-video-preview:-1\" \/>\n<link rel=\"canonical\" href=\"https:\/\/www.omaec.org\/members-omaec\/fesaaeec-federacion-antiguos-alumnos-de-la-educacion-catolica-de-senegal\/\" \/>\n<meta property=\"og:locale\" content=\"en_US\" \/>\n<meta property=\"og:type\" content=\"article\" \/>\n<meta property=\"og:title\" content=\"FESAAEEC-Federation Alumni Alumni of Catholic Education of Senegal - Organizaci\u00f3n Mundial de Antiguos Alumnos de la Educaci\u00f3n Cat\u00f3lica\" \/>\n<meta property=\"og:url\" content=\"https:\/\/www.omaec.org\/members-omaec\/fesaaeec-federacion-antiguos-alumnos-de-la-educacion-catolica-de-senegal\/\" \/>\n<meta property=\"og:site_name\" content=\"Organizaci\u00f3n Mundial de Antiguos Alumnos de la Educaci\u00f3n Cat\u00f3lica\" \/>\n<meta property=\"article:modified_time\" content=\"2023-12-02T07:16:39+00:00\" \/>\n<meta property=\"og:image\" content=\"https:\/\/www.omaec.org\/wp-content\/uploads\/2023\/02\/FESAEC-1.jpg\" \/>\n\t<meta property=\"og:image:width\" content=\"1638\" \/>\n\t<meta property=\"og:image:height\" content=\"1613\" \/>\n\t<meta property=\"og:image:type\" content=\"image\/jpeg\" \/>\n<meta name=\"twitter:card\" content=\"summary_large_image\" \/>\n<script type=\"application\/ld+json\" class=\"yoast-schema-graph\">{\"@context\":\"https:\/\/schema.org\",\"@graph\":[{\"@type\":\"WebPage\",\"@id\":\"https:\/\/www.omaec.org\/members-omaec\/fesaaeec-federacion-antiguos-alumnos-de-la-educacion-catolica-de-senegal\/\",\"url\":\"https:\/\/www.omaec.org\/members-omaec\/fesaaeec-federacion-antiguos-alumnos-de-la-educacion-catolica-de-senegal\/\",\"name\":\"FESAAEEC-Federation Alumni Alumni of Catholic Education of Senegal - Organizaci\u00f3n Mundial de Antiguos Alumnos de la Educaci\u00f3n Cat\u00f3lica\",\"isPartOf\":{\"@id\":\"https:\/\/www.omaec.org\/#website\"},\"datePublished\":\"2023-02-15T19:15:10+00:00\",\"dateModified\":\"2023-12-02T07:16:39+00:00\",\"breadcrumb\":{\"@id\":\"https:\/\/www.omaec.org\/members-omaec\/fesaaeec-federacion-antiguos-alumnos-de-la-educacion-catolica-de-senegal\/#breadcrumb\"},\"inLanguage\":\"en-US\",\"potentialAction\":[{\"@type\":\"ReadAction\",\"target\":[\"https:\/\/www.omaec.org\/members-omaec\/fesaaeec-federacion-antiguos-alumnos-de-la-educacion-catolica-de-senegal\/\"]}]},{\"@type\":\"BreadcrumbList\",\"@id\":\"https:\/\/www.omaec.org\/members-omaec\/fesaaeec-federacion-antiguos-alumnos-de-la-educacion-catolica-de-senegal\/#breadcrumb\",\"itemListElement\":[{\"@type\":\"ListItem\",\"position\":1,\"name\":\"Portada\",\"item\":\"https:\/\/www.omaec.org\/en\/\"},{\"@type\":\"ListItem\",\"position\":2,\"name\":\"Miembros\",\"item\":\"https:\/\/www.omaec.org\/en\/members-omaec\/\"},{\"@type\":\"ListItem\",\"position\":3,\"name\":\"FESAAEEC-Federation Alumni Alumni of Catholic Education of Senegal\"}]},{\"@type\":\"WebSite\",\"@id\":\"https:\/\/www.omaec.org\/#website\",\"url\":\"https:\/\/www.omaec.org\/\",\"name\":\"Organizaci\u00f3n Mundial de Antiguos Alumnos de la Educaci\u00f3n Cat\u00f3lica\",\"description\":\"OMAEC\",\"publisher\":{\"@id\":\"https:\/\/www.omaec.org\/#organization\"},\"potentialAction\":[{\"@type\":\"SearchAction\",\"target\":{\"@type\":\"EntryPoint\",\"urlTemplate\":\"https:\/\/www.omaec.org\/?s={search_term_string}\"},\"query-input\":\"required name=search_term_string\"}],\"inLanguage\":\"en-US\"},{\"@type\":\"Organization\",\"@id\":\"https:\/\/www.omaec.org\/#organization\",\"name\":\"Organizaci\u00f3n Mundial de Antiguos Alumnos de la Educaci\u00f3n Cat\u00f3lica\",\"url\":\"https:\/\/www.omaec.org\/\",\"logo\":{\"@type\":\"ImageObject\",\"inLanguage\":\"en-US\",\"@id\":\"https:\/\/www.omaec.org\/#\/schema\/logo\/image\/\",\"url\":\"https:\/\/www.omaec.org\/wp-content\/uploads\/2021\/06\/OMAEC-LOGO-OFICIAL.jpg\",\"contentUrl\":\"https:\/\/www.omaec.org\/wp-content\/uploads\/2021\/06\/OMAEC-LOGO-OFICIAL.jpg\",\"width\":525,\"height\":452,\"caption\":\"Organizaci\u00f3n Mundial de Antiguos  Alumnos de la Educaci\u00f3n Cat\u00f3lica\"},\"image\":{\"@id\":\"https:\/\/www.omaec.org\/#\/schema\/logo\/image\/\"}}]}<\/script>\n<!-- \/ Yoast SEO plugin. -->","yoast_head_json":{"title":"FESAAEEC-Federation Alumni Alumni of Catholic Education of Senegal - Organizaci\u00f3n Mundial de Antiguos Alumnos de la Educaci\u00f3n Cat\u00f3lica","robots":{"index":"index","follow":"follow","max-snippet":"max-snippet:-1","max-image-preview":"max-image-preview:large","max-video-preview":"max-video-preview:-1"},"canonical":"https:\/\/www.omaec.org\/members-omaec\/fesaaeec-federacion-antiguos-alumnos-de-la-educacion-catolica-de-senegal\/","og_locale":"en_US","og_type":"article","og_title":"FESAAEEC-Federation Alumni Alumni of Catholic Education of Senegal - Organizaci\u00f3n Mundial de Antiguos Alumnos de la Educaci\u00f3n Cat\u00f3lica","og_url":"https:\/\/www.omaec.org\/members-omaec\/fesaaeec-federacion-antiguos-alumnos-de-la-educacion-catolica-de-senegal\/","og_site_name":"Organizaci\u00f3n Mundial de Antiguos Alumnos de la Educaci\u00f3n Cat\u00f3lica","article_modified_time":"2023-12-02T07:16:39+00:00","og_image":[{"width":1638,"height":1613,"url":"https:\/\/www.omaec.org\/wp-content\/uploads\/2023\/02\/FESAEC-1.jpg","type":"image\/jpeg"}],"twitter_card":"summary_large_image","schema":{"@context":"https:\/\/schema.org","@graph":[{"@type":"WebPage","@id":"https:\/\/www.omaec.org\/members-omaec\/fesaaeec-federacion-antiguos-alumnos-de-la-educacion-catolica-de-senegal\/","url":"https:\/\/www.omaec.org\/members-omaec\/fesaaeec-federacion-antiguos-alumnos-de-la-educacion-catolica-de-senegal\/","name":"FESAAEEC-Federation Alumni Alumni of Catholic Education of Senegal - Organizaci\u00f3n Mundial de Antiguos Alumnos de la Educaci\u00f3n Cat\u00f3lica","isPartOf":{"@id":"https:\/\/www.omaec.org\/#website"},"datePublished":"2023-02-15T19:15:10+00:00","dateModified":"2023-12-02T07:16:39+00:00","breadcrumb":{"@id":"https:\/\/www.omaec.org\/members-omaec\/fesaaeec-federacion-antiguos-alumnos-de-la-educacion-catolica-de-senegal\/#breadcrumb"},"inLanguage":"en-US","potentialAction":[{"@type":"ReadAction","target":["https:\/\/www.omaec.org\/members-omaec\/fesaaeec-federacion-antiguos-alumnos-de-la-educacion-catolica-de-senegal\/"]}]},{"@type":"BreadcrumbList","@id":"https:\/\/www.omaec.org\/members-omaec\/fesaaeec-federacion-antiguos-alumnos-de-la-educacion-catolica-de-senegal\/#breadcrumb","itemListElement":[{"@type":"ListItem","position":1,"name":"Portada","item":"https:\/\/www.omaec.org\/en\/"},{"@type":"ListItem","position":2,"name":"Miembros","item":"https:\/\/www.omaec.org\/en\/members-omaec\/"},{"@type":"ListItem","position":3,"name":"FESAAEEC-Federation Alumni Alumni of Catholic Education of Senegal"}]},{"@type":"WebSite","@id":"https:\/\/www.omaec.org\/#website","url":"https:\/\/www.omaec.org\/","name":"Organizaci\u00f3n Mundial de Antiguos Alumnos de la Educaci\u00f3n Cat\u00f3lica","description":"OMAEC","publisher":{"@id":"https:\/\/www.omaec.org\/#organization"},"potentialAction":[{"@type":"SearchAction","target":{"@type":"EntryPoint","urlTemplate":"https:\/\/www.omaec.org\/?s={search_term_string}"},"query-input":"required name=search_term_string"}],"inLanguage":"en-US"},{"@type":"Organization","@id":"https:\/\/www.omaec.org\/#organization","name":"Organizaci\u00f3n Mundial de Antiguos Alumnos de la Educaci\u00f3n Cat\u00f3lica","url":"https:\/\/www.omaec.org\/","logo":{"@type":"ImageObject","inLanguage":"en-US","@id":"https:\/\/www.omaec.org\/#\/schema\/logo\/image\/","url":"https:\/\/www.omaec.org\/wp-content\/uploads\/2021\/06\/OMAEC-LOGO-OFICIAL.jpg","contentUrl":"https:\/\/www.omaec.org\/wp-content\/uploads\/2021\/06\/OMAEC-LOGO-OFICIAL.jpg","width":525,"height":452,"caption":"Organizaci\u00f3n Mundial de Antiguos  Alumnos de la Educaci\u00f3n Cat\u00f3lica"},"image":{"@id":"https:\/\/www.omaec.org\/#\/schema\/logo\/image\/"}}]}},"_links":{"self":[{"href":"https:\/\/www.omaec.org\/en\/wp-json\/wp\/v2\/miembros-omaec\/20144","targetHints":{"allow":["GET"]}}],"collection":[{"href":"https:\/\/www.omaec.org\/en\/wp-json\/wp\/v2\/miembros-omaec"}],"about":[{"href":"https:\/\/www.omaec.org\/en\/wp-json\/wp\/v2\/types\/miembros-omaec"}],"version-history":[{"count":1,"href":"https:\/\/www.omaec.org\/en\/wp-json\/wp\/v2\/miembros-omaec\/20144\/revisions"}],"predecessor-version":[{"id":20182,"href":"https:\/\/www.omaec.org\/en\/wp-json\/wp\/v2\/miembros-omaec\/20144\/revisions\/20182"}],"wp:featuredmedia":[{"embeddable":true,"href":"https:\/\/www.omaec.org\/en\/wp-json\/wp\/v2\/media\/18241"}],"wp:attachment":[{"href":"https:\/\/www.omaec.org\/en\/wp-json\/wp\/v2\/media?parent=20144"}],"wp:term":[{"taxonomy":"category","embeddable":true,"href":"https:\/\/www.omaec.org\/en\/wp-json\/wp\/v2\/categories?post=20144"},{"taxonomy":"tipo-de-organizacion","embeddable":true,"href":"https:\/\/www.omaec.org\/en\/wp-json\/wp\/v2\/tipo-de-organizacion?post=20144"}],"curies":[{"name":"wp","href":"https:\/\/api.w.org\/{rel}","templated":true}]}}

<!-- This site is optimized with the Yoast SEO plugin v20.11 - https://yoast.com/wordpress/plugins/seo/ -->
<title>FESAAEEC-Federation Alumni Alumni of Catholic Education of Senegal - Organización Mundial de Antiguos Alumnos de la Educación Católica</title>
<meta name="robots" content="index, follow, max-snippet:-1, max-image-preview:large, max-video-preview:-1" />
<link rel="canonical" href="https://www.omaec.org/members-omaec/fesaaeec-federacion-antiguos-alumnos-de-la-educacion-catolica-de-senegal/" />
<meta property="og:locale" content="en_US" />
<meta property="og:type" content="article" />
<meta property="og:title" content="FESAAEEC-Federation Alumni Alumni of Catholic Education of Senegal - Organización Mundial de Antiguos Alumnos de la Educación Católica" />
<meta property="og:url" content="https://www.omaec.org/members-omaec/fesaaeec-federacion-antiguos-alumnos-de-la-educacion-catolica-de-senegal/" />
<meta property="og:site_name" content="Organización Mundial de Antiguos Alumnos de la Educación Católica" />
<meta property="article:modified_time" content="2023-12-02T07:16:39+00:00" />
<meta property="og:image" content="https://www.omaec.org/wp-content/uploads/2023/02/FESAEC-1.jpg" />
	<meta property="og:image:width" content="1638" />
	<meta property="og:image:height" content="1613" />
	<meta property="og:image:type" content="image/jpeg" />
<meta name="twitter:card" content="summary_large_image" />
<script type="application/ld+json" class="yoast-schema-graph">{"@context":"https://schema.org","@graph":[{"@type":"WebPage","@id":"https://www.omaec.org/members-omaec/fesaaeec-federacion-antiguos-alumnos-de-la-educacion-catolica-de-senegal/","url":"https://www.omaec.org/members-omaec/fesaaeec-federacion-antiguos-alumnos-de-la-educacion-catolica-de-senegal/","name":"FESAAEEC-Federation Alumni Alumni of Catholic Education of Senegal - Organización Mundial de Antiguos Alumnos de la Educación Católica","isPartOf":{"@id":"https://www.omaec.org/#website"},"datePublished":"2023-02-15T19:15:10+00:00","dateModified":"2023-12-02T07:16:39+00:00","breadcrumb":{"@id":"https://www.omaec.org/members-omaec/fesaaeec-federacion-antiguos-alumnos-de-la-educacion-catolica-de-senegal/#breadcrumb"},"inLanguage":"en-US","potentialAction":[{"@type":"ReadAction","target":["https://www.omaec.org/members-omaec/fesaaeec-federacion-antiguos-alumnos-de-la-educacion-catolica-de-senegal/"]}]},{"@type":"BreadcrumbList","@id":"https://www.omaec.org/members-omaec/fesaaeec-federacion-antiguos-alumnos-de-la-educacion-catolica-de-senegal/#breadcrumb","itemListElement":[{"@type":"ListItem","position":1,"name":"Portada","item":"https://www.omaec.org/en/"},{"@type":"ListItem","position":2,"name":"Miembros","item":"https://www.omaec.org/en/members-omaec/"},{"@type":"ListItem","position":3,"name":"FESAAEEC-Federation Alumni Alumni of Catholic Education of Senegal"}]},{"@type":"WebSite","@id":"https://www.omaec.org/#website","url":"https://www.omaec.org/","name":"Organización Mundial de Antiguos Alumnos de la Educación Católica","description":"OMAEC","publisher":{"@id":"https://www.omaec.org/#organization"},"potentialAction":[{"@type":"SearchAction","target":{"@type":"EntryPoint","urlTemplate":"https://www.omaec.org/?s={search_term_string}"},"query-input":"required name=search_term_string"}],"inLanguage":"en-US"},{"@type":"Organization","@id":"https://www.omaec.org/#organization","name":"Organización Mundial de Antiguos Alumnos de la Educación Católica","url":"https://www.omaec.org/","logo":{"@type":"ImageObject","inLanguage":"en-US","@id":"https://www.omaec.org/#/schema/logo/image/","url":"https://www.omaec.org/wp-content/uploads/2021/06/OMAEC-LOGO-OFICIAL.jpg","contentUrl":"https://www.omaec.org/wp-content/uploads/2021/06/OMAEC-LOGO-OFICIAL.jpg","width":525,"height":452,"caption":"Organización Mundial de Antiguos  Alumnos de la Educación Católica"},"image":{"@id":"https://www.omaec.org/#/schema/logo/image/"}}]}</script>
<!-- / Yoast SEO plugin. -->

FESAAEEC-Federation Alumni Alumni of Catholic Education of Senegal - Organización Mundial de Antiguos Alumnos de la Educación Católica

Organización Mundial de Antiguos Alumnos de la Educación Católica

Organización Mundial de Antiguos  Alumnos de la Educación Católica
